{"id":300,"date":"2017-12-03T23:19:37","date_gmt":"2017-12-03T22:19:37","guid":{"rendered":"http:\/\/pivovarlipak.cz\/?page_id=300"},"modified":"2025-10-14T18:46:46","modified_gmt":"2025-10-14T16:46:46","slug":"press","status":"publish","type":"page","link":"https:\/\/pivovarlipak.cz\/index.php\/press\/","title":{"rendered":"Press"},"content":{"rendered":"<p>1.10.2025 \u010ceskolipsk\u00fd den\u00edk<\/p>\n<p><a href=\"https:\/\/ceskolipsky.denik.cz\/zpravy_region\/anketa-nejlepsi-pivovar-ceskolipsko-luzicke-hory-hlasovani-2025.html\">https:\/\/ceskolipsky.denik.cz\/zpravy_region\/anketa-nejlepsi-pivovar-ceskolipsko-luzicke-hory-hlasovani-2025.html<\/a><\/p>\n<p>8.11.2023 Pivn\u00ed web (pivniweb.cz)<\/p>\n<p><a href=\"https:\/\/www.pivniweb.cz\/cs\/podzimni-pivni-specialy-z-ceskych-remeslnych-minipivovaru\/novinka\/235\/\" target=\"_blank\" rel=\"noopener noreferrer\">https:\/\/www.pivniweb.cz\/cs\/podzimni-pivni-specialy-z-ceskych-remeslnych-minipivovaru\/novinka\/235\/<\/a><\/p>\n<p>16.8.2020 \u010ceskolipsk\u00fd den\u00edk<\/p>\n<p><a href=\"https:\/\/ceskolipsky.denik.cz\/zpravy_region\/obrazem-penivy-mok-tekl-v-ceske-lipe-proudem-20200816.html\">https:\/\/ceskolipsky.denik.cz\/zpravy_region\/obrazem-penivy-mok-tekl-v-ceske-lipe-proudem-20200816.html<\/a><\/p>\n<p>31.7.2019 i-noviny.cz<br \/>\n<a href=\"http:\/\/www.i-noviny.cz\/esk-l-pa\/kl-tern-pivn-restaurace-l-p-k-nejen-s-eskolipsk-m-pivem#.XXdZHS3ypZ2\">http:\/\/www.i-noviny.cz\/esk-l-pa\/kl-tern-pivn-restaurace-l-p-k-nejen-s-eskolipsk-m-pivem#.XXdZHS3ypZ2<\/a><\/p>\n<p>\u010cl\u00e1nek uve\u0159jn\u011bn\u00fd 27.4.2018 v \u010dasopise \u010ceskolipsko 5plus2<br \/>\n<a href=\"http:\/\/www.5plus2.cz\/?e=IB-CESKALIPA&amp;d=27.04.2018#strana=2\" target=\"_blank\" rel=\"noopener noreferrer\">http:\/\/www.5plus2.cz\/?e=IB-CESKALIPA&amp;d=27.04.2018#strana=2<\/a><\/p>\n<p>Dne 20.12.2017 byl Pivovar L\u00edp\u00e1k vlo\u017een do datab\u00e1ze pivovar\u016f na webov\u00fdch str\u00e1nk\u00e1ch <a href=\"http:\/\/ceskepivo-ceskezlato.cz\">www.ceskepivo-ceskezlato.cz<\/a><br \/>\nRovn\u011b\u017e Pivovar L\u00edp\u00e1k m\u016f\u017eete naj\u00edt v applikaci dostupn\u00e9 na android a iOS pod n\u00e1zvem &#8222;\u010cesk\u00e9 pivovary&#8220;.<\/p>\n<p><a href=\"http:\/\/ceskepivo-ceskezlato.cz\"><img decoding=\"async\" class=\"wp-image-333 size-full aligncenter\" src=\"http:\/\/pivovarlipak.cz\/wp-content\/uploads\/2017\/12\/logo.png\" alt=\"\" width=\"300\" \/><\/a><\/p>\n<p>\u010cl\u00e1nek uve\u0159ejn\u011bn\u00fd dne 30.11.2017 v \u010ceskolipsk\u00e9m den\u00edku.<br \/>\n<a href=\"https:\/\/ceskolipsky.denik.cz\/zpravy_region\/chce-ceske-lipe-vratit-pivovar-pavel-konvalina-si-zalozil-letajici-pivovar-20171202.html\" target=\"_blank\" rel=\"noopener noreferrer\">https:\/\/ceskolipsky.denik.cz\/zpravy_region\/chce-ceske-lipe-vratit-pivovar-pavel-konvalina-si-zalozil-letajici-pivovar-20171202.html<\/a><\/p>\n<hr \/>\n","protected":false},"excerpt":{"rendered":"<div class=\"entry-summary\">\n<div class=\"entry-summary\">\n1.10.2025 \u010ceskolipsk\u00fd den\u00edk https:\/\/ceskolipsky.denik.cz\/zpravy_region\/anketa-nejlepsi-pivovar-ceskolipsko-luzicke-hory-hlasovani-2025.html 8.11.2023 Pivn\u00ed web (pivniweb.cz) https:\/\/www.pivniweb.cz\/cs\/podzimni-pivni-specialy-z-ceskych-remeslnych-minipivovaru\/novinka\/235\/ 16.8.2020 \u010ceskolipsk\u00fd den\u00edk&hellip;\n<\/div>\n<div class=\"link-more\"><a href=\"https:\/\/pivovarlipak.cz\/index.php\/press\/\" class=\"more-link\">Continue reading<span class=\"screen-reader-text\"> &ldquo;Press&rdquo;<\/span>&hellip;<\/a><\/div>\n<\/div>\n<div class=\"link-more\"><a href=\"https:\/\/pivovarlipak.cz\/index.php\/press\/\" class=\"more-link\">Continue reading<span class=\"screen-reader-text\"> &ldquo;Press&rdquo;<\/span>&hellip;<\/a><\/div>\n","protected":false},"author":1,"featured_media":0,"parent":0,"menu_order":7,"comment_status":"closed","ping_status":"closed","template":"","meta":{"footnotes":""},"class_list":["post-300","page","type-page","status-publish","hentry","entry"],"_links":{"self":[{"href":"https:\/\/pivovarlipak.cz\/index.php\/wp-json\/wp\/v2\/pages\/300","targetHints":{"allow":["GET"]}}],"collection":[{"href":"https:\/\/pivovarlipak.cz\/index.php\/wp-json\/wp\/v2\/pages"}],"about":[{"href":"https:\/\/pivovarlipak.cz\/index.php\/wp-json\/wp\/v2\/types\/page"}],"author":[{"embeddable":true,"href":"https:\/\/pivovarlipak.cz\/index.php\/wp-json\/wp\/v2\/users\/1"}],"replies":[{"embeddable":true,"href":"https:\/\/pivovarlipak.cz\/index.php\/wp-json\/wp\/v2\/comments?post=300"}],"version-history":[{"count":14,"href":"https:\/\/pivovarlipak.cz\/index.php\/wp-json\/wp\/v2\/pages\/300\/revisions"}],"predecessor-version":[{"id":736,"href":"https:\/\/pivovarlipak.cz\/index.php\/wp-json\/wp\/v2\/pages\/300\/revisions\/736"}],"wp:attachment":[{"href":"https:\/\/pivovarlipak.cz\/index.php\/wp-json\/wp\/v2\/media?parent=300"}],"curies":[{"name":"wp","href":"https:\/\/api.w.org\/{rel}","templated":true}]}}